493227 is divided by 4.
3
What is the remainder when 36809 is divided by 2358?
1439
Calculate the remainder when 18893 is divided by 1710.
83
What is the remainder when 3241458 is divided by 5?
3
What is the remainder when 38447 is divided by 18964?
519
What is the remainder when 185034092 is divided by 686?
684
What is the remainder when 1540774 is divided by 344?
342
Calculate the remainder when 51240 is divided by 108.
48
What is the remainder when 130405283 is divided by 4855?
4838
Calculate the remainder when 4406313 is divided by 402.
393
What is the remainder when 2846010 is divided by 167?
163
Calculate the remainder when 7984850 is divided by 550.
500
Calculate the remainder when 287788 is divided by 31975.
13
Calculate the remainder when 2198489 is divided by 449.
185
What is the remainder when 21051674 is divided by 457645?
4
Calculate the remainder when 2127062 is divided by 3355.
3347
What is the remainder when 69583 is divided by 102?
19
What is the remainder when 33518 is divided by 3516?
1874
Calculate the remainder when 145390 is divided by 282.
160
What is the remainder when 4421 is divided by 49?
11
Calculate the remainder when 957880 is divided by 6385.
130
Calculate the remainder when 3495310 is divided by 2372.
1354
Calculate the remainder when 27473018 is divided by 20.
18
What is the remainder when 19679792 is divided by 289408?
48
Calculate the remainder when 514041 is divided by 514024.
17
What is the remainder when 2080819 is divided by 1909?
9
Calculate the remainder when 607147 is divided by 202303.
238
Calculate the remainder when 234929045 is divided by 11.
10
What is the remainder when 4678242 is divided by 195?
192
What is the remainder when 171118 is divided by 28486?
202
What is the remainder when 95566 is divided by 375?
316
Calculate the remainder when 3884907 is divided by 2993.
2986
What is the remainder when 32462475 is divided by 71?
68
What is the remainder when 98354477 is divided by 40?
37
Calculate the remainder when 17681367 is divided by 24.
15
What is the remainder when 18414 is divided by 1226?
24
Calculate the remainder when 1341481 is divided by 39.
37
Calculate the remainder when 366433 is divided by 60976.
577
Calculate the remainder when 3749597 is divided by 143.
137
Calculate the remainder when 11555298 is divided by 5777618.
62
What is the remainder when 6660087 is divided by 350520?
207
What is the remainder when 4552390 is divided by 52?
50
What is the remainder when 2705493 is divided by 2705460?
33
What is the remainder when 4897221 is divided by 3300?
21
What is the remainder when 458740 is divided by 315?
100
What is the remainder when 301790262 is divided by 451?
4
What is the remainder when 2003258 is divided by 1001452?
354
Calculate the remainder when 7586018 is divided by 1293.
1280
Calculate the remainder when 5965905 is divided by 1251.
1137
What is the remainder when 1431742 is divided by 1298?
48
Calculate the remainder when 100802289 is divided by 844.
837
What is the remainder when 1509045 is divided by 1508758?
287
What is the remainder when 244981958 is divided by 23?
11
What is the remainder when 253162 is divided by 997?
921
Calculate the remainder when 462611 is divided by 59.
51
What is the remainder when 553486 is divided by 3563?
1221
Calculate the remainder when 1560540 is divided by 11822.
36
Calculate the remainder when 3689468 is divided by 778.
192
What is the remainder when 347846 is divided by 976?
390
Calculate the remainder when 3226468 is divided by 1436.
1212
What is the remainder when 12231505 is divided by 26?
13
What is the remainder when 106555677 is divided by 55?
52
What is the remainder when 2888453 is divided by 545?
498
What is the remainder when 7555646 is divided by 686876?
10
Calculate the remainder when 529172 is divided by 816.
404
Calculate the remainder when 36270446 is divided by 15.
11
What is the remainder when 52418 is divided by 126?
2
What is the remainder when 82766 is divided by 198?
2
What is the remainder when 17207311 is divided by 5735609?
484
What is the remainder when 5401318 is divided by 618?
616
What is the remainder when 231987 is divided by 33104?
259
What is the remainder when 7547556 is divided by 526?
508
Calculate the remainder when 14992 is divided by 404.
44
What is the remainder when 37763147 is divided by 205?
97
Calculate the remainder when 43216526 is divided by 33.
23
Calculate the remainder when 154904 is divided by 546.
386
Calculate the remainder when 219246060 is divided by 18.
12
What is the remainder when 233408 is divided by 2992?
32
What is the remainder when 14334269 is divided by 998?
993
What is the remainder when 29120 is divided by 27461?
1659
Calculate the remainder when 18936 is divided by 15335.
3601
What is the remainder when 3891910 is divided by 246?
190
What is the remainder when 9417287 is divided by 31080?
47
Calculate the remainder when 59985 is divided by 52584.
7401
What is the remainder when 421063 is divided by 13582?
21
What is the remainder when 58274 is divided by 2009?
13
What is the remainder when 18216 is divided by 4139?
1660
What is the remainder when 36186347 is divided by 137?
126
Calculate the remainder when 1568309 is divided by 3622.
3605
What is the remainder when 2076887 is divided by 692278?
53
What is the remainder when 42223 is divided by 154?
27
What is the remainder when 2435770 is divided by 41?
1
Calculate the remainder when 4844074 is divided by 25630.
4
What is the remainder when 29508 is divided by 9107?
2187
Calculate the remainder when 1082262 is divided by 325.
12
Calculate the remainder when 9631171 is divided by 175112.
11
Calculate the remainder when 1449104 is divided by 85233.
143
Calculate the remainder when 10591648 is divided by 216156.
4
Calculate the remainder when 60660 is divided by 1028.
8
What is the remainder when 3898356 is divided by 7062?
132
Calculate the remainder when 12600168 is divided by 2843.
2835
What is the remainder when 4321580 is divided by 50842?
10
What is the remainder when 86952 is divided by 210?
12
Calculate the remainder when 379467897 is divided by 150.
147
What is the remainder when 13249 is divided by 11621?
1628
What is the remainder when 10587838 is divided by 15?
13
Calculate the remainder when 121026 is divided by 268.
158
What is the remainder when 3615303 is divided by 147?
132
Calculate the remainder when 24369051 is divided by 69.
45
Calculate the remainder when 791478 is divided by 1391.
1390
Calculate the remainder when 1248496 is divided by 17835.
46
What is the remainder when 274651 is divided by 289?
101
Calculate the remainder when 282639 is divided by 3942.
2757
What is the remainder when 7806941 is divided by 7806851?
90
What is the remainder when 22133398 is divided by 37?
35
What is the remainder when 88908 is divided by 775?
558
Calculate the remainder when 43501033 is divided by 7250169.
19
What is the remainder when 5296644 is divided by 118?
96
What is the remainder when 2048028 is divided by 1687?
10
What is the remainder when 2110100 is divided by 422003?
85
Calculate the remainder when 3398937 is divided by 1035.
1032
Calculate the remainder when 368615 is divided by 172.
19
What is the remainder when 6461685 is divided by 510?
495
Calculate the remainder when 2454102 is divided by 60.
42
Calculate the remainder when 126462 is divided by 468.
102
Calculate the remainder when 34010744 is divided by 760.
744
What is the remainder when 16299181 is divided by 207?
1
What is the remainder when 918440 is divided by 32799?
68
Calculate the remainder when 24527328 is divided by 2038.
2036
Calculate the remainder when 26230668 is divided by 159943.
16
What is the remainder when 183069801 is divided by 3583?
3582
Calculate the remainder when 12747693 is divided by 19.
4
What is the remainder when 1638941 is divided by 26?
5
Calculate the remainder when 103489705 is divided by 17248281.
19
What is the remainder when 1498319 is divided by 74915?
19
What is the remainder when 234153498 is divided by 2553?
2550
Calculate the remainder when 2091511 is divided by 459.
307
What is the remainder when 1724369 is divided by 243?
41
What is the remainder when 13211592 is divided by 290?
62
What is the rem